Does 200 divide 80200?
True
Is 34474 a multiple of 32?
False
Does 48 divide 3539358?
False
Is 6072739 a multiple of 291?
False
Does 75 divide 9940787?
False
Does 10 divide 832040?
True
Is 18 a factor of 94410?
True
Does 93 divide 705659?
False
Is 12 a factor of 268305?
False
Does 30 divide 32433?
False
Is 13 a factor of 136090?
False
Is 134 a factor of 15142?
True
Is 392 a factor of 918848?
True
Is 71 a factor of 7240580?
True
Does 157 divide 10410199?
True
Is 34 a factor of 1464117?
False
Does 683 divide 531291?
False
Does 166 divide 256268?
False
Is 823936 a multiple of 82?
True
Is 58554 a multiple of 78?
False
Is 8 a factor of 1702281?
False
Does 1730 divide 1160830?
True
Does 13 divide 21073?
True
Is 36 a factor of 137304?
True
Is 2 a factor of 31478?
True
Does 45 divide 421398?
False
Is 10 a factor of 4925540?
True
Is 406 a factor of 216804?
True
Does 13 divide 167596?
True
Is 4 a factor of 525904?
True
Is 301 a factor of 514409?
True
Is 1544818 a multiple of 17?
False
Is 348384 a multiple of 228?
True
Does 33 divide 339618?
False
Is 8398312 a multiple of 1389?
False
Does 15 divide 304710?
True
Does 501 divide 21857719?
False
Is 20 a factor of 4655682?
False
Does 21 divide 5273352?
True
Does 226 divide 3122868?
True
Is 114 a factor of 1467636?
True
Does 15 divide 9312?
False
Is 721 a multiple of 3?
False
Is 7 a factor of 692132?
True
Does 11 divide 35312749?
False
Is 14 a factor of 52592?
False
Does 109 divide 507043?
False
Is 47 a factor of 307051?
True
Does 15 divide 4483995?
True
Is 76809 even?
False
Does 18 divide 608528?
False
Is 1860 a factor of 16788255?
False
Is 3474058 a multiple of 27?
False
Is 25 a factor of 231950?
True
Is 5724662 a multiple of 1216?
False
Is 85488 a multiple of 126?
False
Is 27 a factor of 151308?
True
Is 1131000 a multiple of 39?
True
Does 80 divide 168800?
True
Is 6632648 a multiple of 29?
True
Does 91 divide 201714?
False
Is 73461 a multiple of 157?
False
Is 14 a factor of 11508?
True
Is 10 a factor of 1766060?
True
Is 8937475 a multiple of 62?
False
Does 14 divide 116802?
True
Is 26 a factor of 671266?
False
Is 106440 a multiple of 24?
True
Is 1078974 a multiple of 18?
True
Is 108 a factor of 1606479?
False
Is 12 a factor of 238076?
False
Is 80 a factor of 266080?
True
Does 105 divide 45150?
True
Is 836166 a multiple of 117?
False
Is 11219453 a multiple of 163?
True
Is 19 a factor of 1487827?
False
Is 2827530 a multiple of 267?
True
Is 87 a factor of 147639?
True
Does 11 divide 56199?
True
Is 94826 a multiple of 28?
False
Is 3025 a factor of 3236124?
False
Does 10 divide 342263?
False
Is 12677173 a multiple of 7?
False
Is 5669768 a multiple of 26?
True
Is 158049 a multiple of 9?
True
Does 78 divide 9894690?
True
Is 6 a factor of 905283?
False
Is 443046 a multiple of 7?
False
Is 28 a factor of 388023?
False
Does 5 divide 218665?
True
Is 33 a factor of 25183699?
False
Does 58 divide 117798?
True
Is 1935 even?
False
Is 34 a factor of 5609688?
False
Is 57 a factor of 33459?
True
Is 1985634 a multiple of 927?
True
Is 204484 a multiple of 109?
True
Is 3975620 a multiple of 11?
True
Is 16015 a multiple of 6?
False
Is 152299 a multiple of 7?
True
Is 158485 a multiple of 5?
True
Is 64185 a multiple of 33?
True
Is 16 a factor of 1705440?
True
Is 21800234 a multiple of 8?
False
Is 27 a factor of 361926?
False
Is 20 a factor of 1912320?
True
Does 4 divide 24700?
True
Does 13 divide 68180?
False
Is 260449 a multiple of 7?
True
Is 30 a factor of 14264970?
True
Is 769 a factor of 7230138?
True
Does 17 divide 5848?
True
Is 1127139 a multiple of 128?
False
Does 380 divide 2398940?
True
Does 132 divide 141117?
False
Is 408028 a multiple of 332?
True
Does 302 divide 3666884?
True
Is 223 a factor of 10535129?
False
Does 571 divide 23159793?
False
Is 1097778 a multiple of 67?
False
Is 21 a factor of 319508?
False
Is 3 a factor of 142453?
False
Is 5862704 a multiple of 33?
False
Is 9669 a multiple of 62?
False
Is 2 a factor of 10762?
True
Is 7302 a multiple of 3?
True
Is 956 a factor of 1443560?
True
Is 17949243 a multiple of 47?
False
Is 9 a factor of 854905?
False
Is 441378 a multiple of 279?
True
Is 28 a factor of 3863633?
False
Is 33208 a multiple of 320?
False
Does 4 divide 215251?
False
Does 41 divide 11820102?
False
Is 141 a factor of 5839648?
False
Is 17 a factor of 77640?
False
Is 2833550 a multiple of 179?
False
Does 522 divide 4671341?
False
Does 16 divide 294928?
True
Is 30 a factor of 751770?
True
Is 2541376 a multiple of 40?
False
Is 6320 a multiple of 8?
True
Is 13 a factor of 1387412?
True
Is 10 a factor of 848223?
False
Is 7644 a multiple of 13?
True
Is 575066 a multiple of 25?
False
Does 36 divide 71424?
True
Is 22 a factor of 471834?
True
Does 33 divide 191136?
True
Is 95029 a multiple of 18?
False
Is 1044096 a multiple of 48?
True
Is 538819 a multiple of 71?
True
Is 2145331 a multiple of 287?
False
Does 79 divide 491933?
True
Is 229349 a multiple of 8?
False
Is 33841 a multiple of 218?
False
Is 2291058 a multiple of 319?
True
Is 9791531 a multiple of 775?
False
Is 53 a factor of 63068?
False
Is 17 a factor of 1894871?
True
Does 472 divide 1009608?
True
Does 53 divide 371371?
True
Is 12 a factor of 1607688?
True
Does 65 divide 3339895?
True
Is 1032480 a multiple of 18?
True
Is 425 a factor of 1320050?
True
Does 371 divide 1683307?
False
Is 2841784 a multiple of 8?
True
Is 37 a factor of 828387?
False
Is 22 a factor of 241626?
True
Does 244 divide 5483900?
True
Is 8806981 a multiple of 29?
True
Is 381 a factor of 1026795?
True
Is 6 a factor of 661343?
False
Is 465 a factor of 6324455?
False
Is 8 a factor of 57081?
False
Is 113 a factor of 10996674?
False
Does 51 divide 631147?
False
Does 64 divide 94208?
True
Does 41 divide 19350524?
True
Does 61 divide 1640046?
True
Does 344 divide 73960?
True
Is 63562 a multiple of 61?
True
Is 276 a factor of 5230476?
True
Does 217 divide 1239689?
False
Does 36 divide 1672203?
False
Is 1075453 a multiple of 380?
False
Does 8 divide 355622?
False
Does 24 divide 25080?
True
Does 3 divide 2530936?
False
Does 5 divide 1497704?
False
Does 21 divide 2104936?
False
Is 814296 a multiple of 14?
True
Does 14 divide 7768048?
False
Is 1035863 a multiple of 97?
True
Is 269 a factor of 2101697?
True
Is 331045 a multiple of 12?
False
Does 81 divide 757350?
True
Does 8 divide 14389?
False
Is 248 a factor of 157728?
True
Is 217380 a multiple of 44?
False
Is 649215 a multiple of 35?
True
Is 16 a factor of 213916?
False
Is 105485 a multiple of 378?
False
Is 21 a factor of 1790292?
True
Is 167 a factor of 480290?
False
Is 37618 a multiple of 122?
False
Is 24 a factor of 73798?
False
Is 39767 a multiple of 7?
True
Is 183 a factor of 233028?
False
Is 586 a factor of 3042404?
False
Is 399536 a multiple of 4?
True
Is 99 a factor of 115929?
True
Is 37808 a multiple of 136?
True
Does 5 divide 1800?
True
Is 6 a factor of 41334?
True
Does 77 divide 397077?
False
Does 264 divide 3265061?
False
Does 238 divide 11545?
False
Is 262 a factor of 517974?
True
Does 69 divide 382947?
False
Is 37 a factor of 10064?
True
Is 47 a factor of 381076?
True
Does 47 divide 714750?
False
Is 3772 a multiple of 4?
True
Is 889867 a multiple of 11?
True
Is 2135416 a multiple of 258?
False
Is 37818 a multiple of 66?
True
Does 808 divide 2766877?
False
Is 28 a factor of 5566?
False
Is 10147436 a multiple of 9?
False
Is 12 a factor of 7550919?
False
Is 30 a factor of 159482?
False
Is 1625702 a multiple of 806?
True
Is 57 a factor of 265335?
True
Does 19 divide 7998639?
True
Is 63 a factor of 161784?
True
Is 2271812 a multiple of 17?
True
Does 3 divide 17556?
True
Does 63 divide 484146?
False
Does 202 divide 20557384?
False
Is 6 a factor of 15270?
True
Is 244 a factor of 279531?
False
Is 1827950 a multiple of 25?
True
Does 16 divide 3629562?
False
Does 89 divide 342161?
False
Is 23925 a multiple of 3?
True
Is 526240 a multiple of 32?
True
Does 72 divide 18944?
False
Does 17 divide 2536807?
False
Does 65 divide 258550?
False
Is 3 a factor of 74667?
True
Is 50 a factor of 120234?
False
Does 15 divide 1038854?
False
Is 412 a factor of 3782572?
True
Is 1157010 a multiple of 30?
True
Is 9 a factor of 8648272?
False
Is 18 a factor of 6960888?
True
Is 10067599 a multiple of 520?
False
Does 84 divide 2626892?
False
Is 15 a factor 